 s(k) = 4*k - l + 126 - 3*k. Give s(-2).
2
Let p(g) = -g**2 + 17*g + 5. Suppose 46*b + 541 = 1323. What is p(b)?
5
Let z(h) = -9*h**2 + 2*h + 1. Let y(l) = 4*l - 23. Let g(s) = 16*s - 92. Let f(u) = 2*g(u) - 9*y(u). Let j be f(6). Determine z(j).
-10
Let b(m) = -m**2 - m + 1. Let t(k) = 5*k**2 + 13*k - 16. Let j(z) = -4*b(z) - t(z). Let n be 2/9 - 6*(-83)/(-54). Give j(n).
12
Let y(h) = -h + 3. Let c be 18/22 + 8/44. Let m(q) = -4 + 3 + c - 2. Let w(j) = -3*m(j) - 2*y(j). Calculate w(-3).
-6
Let g(o) be the third derivative of o**6/120 + o**5/10 - o**4/12 - o**3/2 - 3*o**2. Give g(-5).
32
Suppose -8 = 2*n - 14. Let r(l) = -11 - 3*l**n + 0 + 2*l**3 + 7*l**2 + 10*l. What is r(8)?
5
Let g(o) = -o**3 - 2*o**2 + 1. Let j(l) = -7*l**3 - 15*l**2 - 3*l + 6. Let y(k) = 6*g(k) - j(k). Give y(-3).
-9
Let r(p) = -261*p + 432. Let k(o) = 16*o - 27. Let z(g) = -33*k(g) - 2*r(g). Give z(5).
-3
Let n(l) = -1. Let z(s) = 16*s - 20. Let k(h) = -20*n(h) + z(h). Let p be 17/(-17)*(-2 - -1). Determine k(p).
16
Let u be (6/(-9))/((-4)/18). Let r be -1*-14*u/6. Let s(b) = b**2 - 7*b - 6. Give s(r).
-6
Let w(x) = x**3 - 6*x**2 - 2*x + 4. Let y be (12 + -6)/((-2)/(-10)). Let j be (-312)/y*10/(-4). Suppose -15 = -5*m + 2*s + s, -4*s = m - j. Calculate w(m).
-8
Let y(j) = -7*j - 2. Let r be (-12)/21 + 44/28 + 3. Suppose -5*u + r*u = -2. What is y(u)?
-16
Let j(y) be the first derivative of 5*y**2/2 - 2*y - 139. Determine j(1).
3
Let r be (30/6)/(1 - (-3 - -5)). Let w(d) = d**3 + 3*d**2 - 11*d - 3. Calculate w(r).
2
Let q(t) = -4*t**2 - 16*t + 8. Let x(m) = -5*m**2 - 19*m + 8. Let p(z) = -4*q(z) + 3*x(z). Determine p(-9).
10
Let t(m) = 5*m**2 + m + 2. Let z(q) = -11*q**2 - q - 5. Suppose 3 = 3*f + 18, -5*b = 4*f - 10. Let y(x) = b*z(x) + 13*t(x). Give y(3).
8
Let q(n) = -3*n - 8. Suppose 0 = -s - 1973 + 1968. Determine q(s).
7
Let k(v) = 4*v - 9. Let f(u) = -5*u + 10. Let r(i) = -5*f(i) - 6*k(i). Let q = -21 - -31. Let p be 6/q - 3/5. Give r(p).
4
Suppose -6*g + 10*g - 14 = 5*o, 3*o + 14 = g. Let f(h) = h**3 + 5*h**2 - 9*h - 11. Determine f(o).
7
Let n be 5 - (-2 - (-1)/1). Let d(z) be the first derivative of -z**4/24 + z**3 - z**2/2 - 4. Let o(h) be the second derivative of d(h). Calculate o(n).
0
Let w(n) be the third derivative of -n**4/24 - 7*n**3/6 - 158*n**2. What is w(-5)?
-2
Let l(d) be the third derivative of d**6/120 + d**5/12 - d**4/6 - 2*d**3/3 - 67*d**2. Calculate l(-6).
-16
Let w(l) = -l**3 + 4*l**2 - l + 1. Let s = 132 + -129. Give w(s).
7
Let c be -6*((-3)/2 + 0). Let u = -118 - -122. Let t(d) = -u + d - 1 - c + 7. Determine t(4).
-3
Let l(j) = -j**2 - 2*j. Let i(t) = -t**3 + 3*t**2 - 9*t + 8. Let y(g) = -i(g) + 5*l(g). Give y(8).
-16
Let y(s) = -s**2 - 8*s - 7. Let k be y(-4). Let u(z) = z**2 - 11*z - 9. Calculate u(k).
-27
Suppose 5*z = 0, 4*t = 5*z - 2*z + 8. Suppose 2*d = -2*m - 8, t*m - 1 = -4*d - 19. Let n(c) = -2*c - c + c + m + 3*c. Calculate n(-3).
-2
Let o(c) be the third derivative of -c**5/60 + c**4/12 + c**3/3 + 3*c**2. Suppose 2*l + 3 = 29. Suppose 4*j + 1 = l. What is o(j)?
-1
Suppose -2*u + 4 = -v - 0, -4*v - 3*u + 17 = 0. Let c(n) = -v*n + 3*n + 224 - 228. Calculate c(0).
-4
Let h(c) = 4*c - c**2 - 6*c - 1 + 0*c. Let l be 39/12 + (-61)/244. Determine h(l).
-16
Suppose -t - 5 = -4. Let y be (-24)/(-8) + (0 - t). Let i be (-1)/y*(-9 + -3). Let r(j) = 3*j - 1. What is r(i)?
8
Let f(t) = 3*t**3 - t**2 - 3*t + 1. Let v(c) = 10*c**3 - 4*c**2 - 10*c + 3. Let j(l) = 7*f(l) - 2*v(l). Let m = 183 + -186. Give j(m).
-14
Let q(g) = 2*g + 2. Suppose c = 3*i - 5, 5*i - c + 2*c = 19. Suppose -5*p + 27 = -2*w, 0 = -w + i*p - 5*p. What is q(w)?
-10
Let f(c) = -2*c**2 + 41*c - 54. Suppose -30*p = -32*p + 38. Let i be f(p). Let g(v) = -v**2 + 4*v - 3*v + v - 4. Give g(i).
-7
Let d(p) = -p**2 - 2*p - 4. Suppose 0 = -3*w + 5*k - 7, 2*k = 5*w + 27 - 9. Give d(w).
-12
Suppose 92*d - 178 = 282. Let o(k) = k**2 - 6*k + 11. Calculate o(d).
6
Let k be (-1)/12*10*(-43)/860. Let g(s) be the third derivative of 0 + 2*s**2 - k*s**4 + 1/6*s**3 + 0*s. What is g(4)?
-3
Let v(l) = -3*l**2 - 2*l - 1. Suppose -5*g + g = 0. Let u be (2 - g)/2 + -2. Let s be v(u). Let w(j) = j + 2. What is w(s)?
0
Let f(h) = h**3 - 11*h**2 + 1. Let o be f(11). Let m(v) = v**3 + 2*v**2 - v. Let k be m(o). Let w(z) = -4 - z + 7 - 3*z + z**2. Calculate w(k).
-1
Let c = 169 + -172. Let w be (c/(-3))/(5*2/50). Let u(h) = -h**2 + 5*h - 1. Calculate u(w).
-1
Let t(y) be the first derivative of y**3/3 + y**2/2 + 7*y - 16. Suppose -v + 2 = -3*p, v - 2*p = 2*v - 7. Suppose 2*g - n = -4, -5*n = -v*g - 13 - 7. Give t(g).
7
Let i(z) = z**3 - 5*z**2 + 5*z + 1. Let h be -2*(-5)/30*18. Let p be (-240)/(-56) - h/21. Calculate i(p).
5
Let k(v) = 4*v - 1. Let u(d) = -24*d + 13. Let l(h) = 4*k(h) + u(h). What is l(4)?
-23
Let h(u) = u**2. Let l(v) = -2*v - 49. Let m be l(-23). Let o(b) = -b**3 - 4*b**2 - 2*b - 2. Let x(g) = m*h(g) - o(g). Give x(-2).
-6
Suppose -2*z + 10 = 6. Let f(t) = z - 2 - 11*t + 1 - 2. Let q = -3 - -2. Give f(q).
10
Let y(d) = 6*d - 10. Let i(m) = -m + 2. Suppose -4*v - 20 = -2*k - 0*k, 6 = -2*v - k. Let a(s) = v*y(s) - 22*i(s). Determine a(3).
-10
Let f be -6*(-2)/18*(1 - -2). Let p(v) = -2*v**2 + 2 + 2*v**2 - 3*v**f + 7*v + 2*v**2. What is p(8)?
-6
Suppose u + 17 = -18. Let l = 30 + u. Let q(j) = -3*j - 6. Determine q(l).
9
Let t(k) be the first derivative of -k**6/360 + k**5/30 + 7*k**4/24 + 3*k**3 - 4. Let x(z) be the third derivative of t(z). Determine x(6).
-5
Let h(m) = -2*m + 1. Let f(u) = 22*u + 85. Let v(j) = -f(j) - 5*h(j). Determine v(-7).
-6
Let t(n) be the third derivative of n**4/12 + 11*n**3/6 - 8*n**2. What is t(-7)?
-3
Suppose 4 - 1 = c. Let v(h) = c + 2*h - 5 + 0 - 4. Suppose -4*p = -2*i - 8, -10 = -p - 2*i + 2. What is v(p)?
2
Let b(i) = 25*i + 1435. Let p be b(-57). Let y(g) be the first derivative of -g**3/3 + 5*g**2 - 8*g - 1. Give y(p).
-8
Let x(m) = m**2 + 11*m + 3. Suppose 14*n = -50 - 90. Calculate x(n).
-7
Let n(p) = 7*p - 4. Let m(k) = -6*k + 4. Let l(r) = 5*m(r) + 4*n(r). Suppose 30 = 5*g + 5*i, 2*i - 22 = -4*g - 0*g. Calculate l(g).
-6
Let d(f) = f**3 - 6*f**2 + 3*f - 1. Suppose -13*r + 16 + 49 = 0. Give d(r).
-11
Let d = -472 - -477. Let b(h) be the second derivative of -7/2*h**2 - 1/3*h**3 + 0 - d*h. Calculate b(-6).
5
Let o(h) = 29*h**2 + 33*h**2 - 5 - 7*h - 63*h**2. Give o(-7).
-5
Let g(b) = 15 + 39*b**2 - 3*b + 5*b - 38*b**2 + 4*b. Determine g(-3).
6
Let r = 10 + -8. Suppose 18 = -p + r*x - 7*x, -8 = 2*x. Suppose -4*c + 4 = -p*q, q + 2*c + 4 = -6. Let u(l) = -l**3 - 7*l**2 - 8*l - 7. Determine u(q).
5
Let n(g) = 6*g - 57. Let o(q) = 5*q - 31. Let d(v) = 3*n(v) - 4*o(v). Calculate d(-26).
5
Let n(v) = v**2 + 5*v + 3. Let i(g) = -g**2 - 8*g - 5. Let r(f) = 5*i(f) + 8*n(f). Suppose -1 = -4*a - 5. Give r(a).
2
Let x(y) = -y**2 + 3*y + 1. Let q be x(2). Let n(g) = g - 4. Let z(t) = t - 5. Let m(p) = 2*n(p) - 3*z(p). Calculate m(q).
4
Suppose -5 = v, -4*j - 5*v + 111 = -2*j. Suppose -j*o + 64*o + 16 = 0. Let t(a) be the second derivative of -a**3/6 + a**2/2 + 2*a. Calculate t(o).
-3
Let b = 72 - 33. Suppose 41*w - b*w = -12. Let a(i) = -i**2 - 5*i + 5. What is a(w)?
-1
Let c(o) = 4*o - 1. Let g(p) = -p**3 + p + 2. Let m be g(0). Suppose 2*s = -s + 9. Suppose -4*t = 4, m*w - t = s - 4. Give c(w).
-5
Let m(h) be the first derivative of h**4/4 + 5*h**3/3 + h**2/2 - 2*h - 1. Let l(s) = 30*s - 394. Let x be l(13). What is m(x)?
10
Suppose 26 = -y - 2*l + 17, 3*y + 2*l = -7. Let o(f) = -23*f**3 - 1. Give o(y).
-24
Let r(m) = -7*m - 1. Let v be (-1 + -1 - 3)*21/(-35). Give r(v).
-22
Let v(d) = 5*d**2 + 3*d - 2. Let r(o) be the second derivative of 3/4*o**4 - 3*o + 0 + 7/6*o**3 - 5/2*o**2. Let s(k) = 3*r(k) - 7*v(k). Calculate s(-1).
-9
Let b(r) = -r + 3. Suppose 2*d - d - 11 = 0. Let a = 11 - d. Suppose j + 1 - 3 = a. Calculate b(j).
1
Let q(w) be the second derivative of -5*w**3/6 + 108*w. What is q(-2)?
10
Let f = -2 - 4. Let m(r) = -4*r - 9. Let a(x) = -11*x - 26. Let t(l) = f*a(l) + 17*m(l). Determine t(4).
-5
Let h(v) = -14*v**2 - 53*v + 24. Let j(a) = -5*a**2 - 20*a + 9. Let z(s) = 4*h(s) - 11*j(s). Suppose -3*t - 3*y = -10 - 20, 2*y - 8 = 0. Determine z(t).
9
Let l(u) = u**3 - 9*u**2 + 16*u - 10. Let a = 814 - 807. Give l(a).
4
Let p(t) = t**2 - 7*t. Let q